 greatest common factor of r and 13.
13
Suppose 4 = -5*l + 9. Let o be (-2)/l - -21 - -3. Calculate the highest common divisor of 11 and o.
11
Let v be (-6)/12 - 97045/(-26). Calculate the greatest common divisor of 12 and v.
12
Let m be (-435)/(-3) + -2 + 1. Suppose -4 - 17 = -7*p. Suppose 3*b - 50 = g, 34 = b - p*g + 7*g. What is the greatest common divisor of m and b?
18
Let k(a) = -a**2 - 6*a + 2. Let f(m) = m**3 - 13*m**2 + m - 3. Let q be f(13). Let t = q - 16. Let u be k(t). What is the greatest common factor of u and 2?
2
Let d(t) = 0 + 25 + 14*t - 13*t. Let n be d(5). What is the highest common divisor of n and 45?
15
Suppose -4*c - 142 = -2*i, 5*c - 8*c - 4*i = 101. Suppose -p + 74 = p. Let x = p + c. Calculate the greatest common divisor of x and 1.
1
Suppose -2*z = -33*z + 186. What is the highest common factor of 12 and z?
6
Let o = 305 + -277. What is the greatest common factor of o and 308?
28
Let a(m) be the third derivative of -m**4/3 + 49*m**3/6 + 8*m**2. Let f be a(-7). Calculate the greatest common divisor of 15 and f.
15
Let r(k) = -k. Let f be r(-3). Let t be (-6312)/(-120) - (-4)/10. Let i = t - 20. Calculate the greatest common factor of f and i.
3
Let n(c) = c**2 + 3*c - 13. Let l = 21 - 29. Let g be n(l). Let d be (0 - -3)*9/g. Calculate the highest common factor of 7 and d.
1
Let v(k) = k**3 + 5*k**2 - 6*k + 14. Let g = 57 + -63. Let m be v(g). What is the highest common divisor of m and 154?
14
Let n(l) = -2*l**2 - 38*l + 15. Let j be n(-13). Calculate the highest common factor of 19 and j.
19
Suppose -5*l - k - 4*k = -95, -5*k = 4*l - 74. Calculate the greatest common factor of 35 and l.
7
Suppose 0 = -11*o + 8874 + 3017. Calculate the highest common divisor of 23 and o.
23
Let r = 8 - 3. Suppose r*d + 6 = -5*a - 9, -21 = 3*d - a. Let z be (-4)/d + 28/12. Calculate the greatest common factor of 24 and z.
3
Let w(d) = d + 4. Suppose 4*g + 0*g - 28 = 0. Let t be w(g). Calculate the greatest common factor of t and 88.
11
Let i be (-140)/21*(-2)/((-8)/(-42)). Calculate the highest common divisor of i and 10.
10
Suppose 0*j - 4*j = -3*y - 32, 3*y + 3*j = -18. Let u(z) = z + 12. Let m be u(y). What is the highest common divisor of m and 28?
4
Let g be ((-1755)/(-10))/(4/8). What is the greatest common factor of 52 and g?
13
Suppose -56*q + 2322 = 754. Let w(k) = -4*k**3 + 2*k**2 - k. Let o be w(-2). What is the highest common factor of o and q?
14
Let l be (1/3)/(1/24*1). What is the highest common factor of 1592 and l?
8
Let i(d) = -d**2 - 28*d - 15. Let o be i(-27). Suppose 0 = 4*l - 19 - 5. Calculate the highest common factor of l and o.
6
Let q(w) = -536*w - 6. Let i be q(-1). Suppose -145 + i = v. Calculate the greatest common divisor of 35 and v.
35
Let g = 18 - 18. Suppose 23 = -5*f - 2*c - 137, 5*f - 5*c + 160 = g. Let s = -10 - f. Calculate the greatest common factor of 66 and s.
22
Let n(w) = w**3 + 19*w**2 + 17*w - 14. Let v(x) = 4*x - 73. Let b be v(14). Let u be n(b). What is the highest common factor of 110 and u?
55
Let v(d) = -5*d**2 + 31*d + 16. Let z be v(5). Calculate the highest common factor of 6 and z.
2
Let g(r) be the second derivative of -11*r - 4/3*r**3 + 10*r**2 + 1/12*r**4 + 0. Let i be g(10). Calculate the highest common factor of 20 and i.
20
Let k = -115 - -137. What is the greatest common factor of 55 and k?
11
Let j be (3/9)/((-7)/42). Let t be 5/(j + 9/3). Suppose -t*k + 9 + 11 = 0. What is the greatest common factor of 20 and k?
4
Suppose -2268 - 81 = -87*t. Calculate the greatest common factor of t and 27.
27
Let j(c) = -7*c + 15. Let y be j(0). What is the highest common factor of y and 375?
15
Let f(g) = 2*g**3 - 7*g**2 + 10*g + 4. Let p be f(8). Calculate the greatest common factor of p and 22.
22
Suppose 0 = -322*t + 327*t - 285. Calculate the greatest common factor of t and 19.
19
Let n(w) = 7*w - 19. Let z be n(14). Let f = -35 + z. Let l = -8 + f. Calculate the highest common factor of l and 12.
12
Let s(u) = -3*u**3 - 2*u + 13*u + 2*u**3 + 5 + 2*u**3 - 9*u**2. Let k be s(8). Calculate the greatest common factor of k and 58.
29
Let q = -312 + 316. Calculate the greatest common factor of q and 1376.
4
Suppose 12*j - 140 = 5*j. Suppose u - j = -3*u. Calculate the greatest common divisor of 15 and u.
5
Let a be (2/(-3))/(28/42). Let o = a + 4. Suppose -o*y - w = -185, -5*y + 0*y + w + 295 = 0. Calculate the greatest common factor of 6 and y.
6
Let y(w) = 13*w - 6*w**2 - 7 + 11*w - 1 - 2*w**3 - 22*w. Let t be y(-4). What is the highest common factor of t and 208?
16
Let g(a) = a**2 - 2*a - 5. Let r be g(-7). Let x = r - 50. What is the greatest common divisor of 28 and x?
4
Suppose -14 = -w - 0. Suppose -4*j + 18 = -w. Calculate the greatest common divisor of j and 16.
8
Let y be -2 + (-11 + -1)/(-1). Let o = -17 + y. Let z(c) = c**2 + c - 10. Let j be z(o). Calculate the highest common factor of j and 8.
8
Let f = 1904 - 1624. Calculate the highest common factor of f and 385.
35
Let l = 45 + -37. Let u be (-9 + l)/(2/(-10)). Calculate the highest common divisor of 20 and u.
5
Let v(n) = n**3 + 11*n**2 - 13*n + 21. Let z be v(-12). Let t = -469 + 766. What is the highest common divisor of t and z?
33
Suppose 0 = 2*t - 5*t - 54. Let p = t + 18. Suppose p = 2*g - 3*k + 11, -3*g - 4*k + 6 = -20. Calculate the greatest common divisor of 2 and g.
2
Suppose -2*z - 317 = 23. Let p be ((-80)/(-50))/((-4)/z). Let g = p - 32. Calculate the highest common divisor of 18 and g.
18
Let s be -1 - ((-92)/2 - -4). Let i = -30 + s. Calculate the greatest common divisor of i and 22.
11
Let m be -4*(2 - 81/2). Suppose -2*u = -3*l - 12 - 330, -4*u = 0. Let y be (14/8)/(-7) - l/8. Calculate the highest common factor of m and y.
14
Let a(q) = -q**3 + 5*q**2 - 4. Let s be a(4). Let t = -63 + 74. Suppose -t*k - k + 72 = 0. Calculate the greatest common divisor of k and s.
6
Suppose -5*v + 45 = n, -3*v - 5*n + 41 = -v. Let q(s) = -2*s + 24. Let x be q(v). Let g = 10 + x. Calculate the greatest common divisor of g and 18.
18
Suppose -18 - 4 = -t. Suppose -4*j + t - 6 = 0. Suppose 12 = -j*z + 48. What is the highest common factor of z and 1?
1
Let z be (3 + 1)*(-4655)/(-98). What is the highest common factor of 30 and z?
10
Let b(a) = 4*a**3 - 2*a**2 + 3*a - 1. Let j be b(2). Suppose -j = -4*z + 19. What is the greatest common factor of 36 and z?
12
Let m(v) = -5*v + 222. Let a be m(6). Calculate the highest common divisor of 64 and a.
64
Let j = -17 + 20. Suppose -12 = -j*d, -3*o + o + 8 = 3*d. Let i be (-1 - (-129)/3) + o. Calculate the greatest common factor of i and 5.
5
Let c be 1474/8 - ((-60)/16)/(-15). What is the highest common divisor of c and 276?
92
Let w(g) be the second derivative of 2/3*g**4 + 0 - 1/20*g**5 - 5*g - 5/2*g**2 - 5/6*g**3. Let i be w(7). What is the greatest common divisor of i and 9?
9
Let t(d) = d**3 - 7*d**2 - 10*d + 8. Let a be t(8). Let w be (a/(-14))/((-16)/(-56)). Suppose -w*p = -10 - 4. What is the highest common factor of p and 56?
7
Let r = 2 - -2. Suppose 961*w = 946*w + 30. What is the highest common factor of r and w?
2
Let j(z) = -2*z**3 - 2*z**2 + 3. Let t = -15 - -19. Suppose 0 = -t*q - 8. Let l be j(q). Calculate the highest common divisor of 33 and l.
11
Suppose -399 + 119 = 14*h. Let r = h - -44. What is the highest common divisor of r and 8?
8
Let h(w) = 7*w. Let b be h(2). Let d(m) = -12*m - 94. Let t be d(-8). Calculate the highest common divisor of b and t.
2
Suppose 28 = -b + 5*b. Let m be (-31 + -2)*b/(-3). Calculate the highest common factor of m and 11.
11
Suppose -5*n = -3*h - 1164, -7*n + 5*n = 5*h - 478. Calculate the highest common factor of 26 and n.
26
Let v be 603/12 - 1/4. Let c be (-8)/(-10)*315/14. Let x = -8 + c. What is the greatest common divisor of v and x?
10
Let s be 1/2*-2 + 1*6. Suppose -s*k + 27 + 33 = 0. Calculate the greatest common divisor of k and 156.
12
Let s(v) = -2*v**2 - 21*v + 159. Let b be s(5). Suppose 2*f - 11 = 9. What is the highest common factor of f and b?
2
Suppose -93 = -4*v - 5. Let s be (2 + 15/(-2))*(3 + -9). Calculate the greatest common factor of v and s.
11
Let d = 528 + -522. Calculate the highest common divisor of d and 258.
6
Suppose 2*x - 6 = -3*l + 19, 5*l + 4*x - 45 = 0. Let j be 5/(l/3) + 2214. Suppos